101000101 - -10010?
-1001110101100110011
In base 2, what is -100011000100011101000 + -1110?
-100011000100011110110
In base 5, what is 3401122 - 214013?
3132104
In base 9, what is 5568 + 1310?
6878
In base 16, what is 8652e - d2?
8645c
In base 16, what is -1361 - 50d?
-186e
In base 2, what is -101101110111011000110 - -101?
-101101110111011000001
In base 8, what is 35305654 - -3?
35305657
In base 11, what is -492 + a5168?
a4786
In base 16, what is -4f9082 - -1?
-4f9081
In base 15, what is -ba + -17571?
-1763b
In base 13, what is 118723 + 4?
118727
In base 4, what is 122203312 - 332?
122202320
In base 6, what is -3152014111 - -5?
-3152014102
In base 5, what is 24334241 + 222?
24340013
In base 2, what is -11 - -111000101011101010001011?
111000101011101010001000
In base 13, what is 1b33ba11 - 3?
1b33ba0b
In base 13, what is 3b433 + -5?
3b42b
In base 10, what is -16 + -2224257?
-2224273
In base 4, what is 31 - 2231133232211?
-2231133232120
In base 11, what is 2587133 - 15?
2587119
In base 11, what is -30 + -53223?
-53253
In base 2, what is -11 - -100111111010000110010?
100111111010000101111
In base 7, what is 2225311 + 160?
2225501
In base 2, what is -1001 + -111010001111100000110?
-111010001111100001111
In base 7, what is 40615 + -230?
40355
In base 10, what is 5 + -5827787?
-5827782
In base 14, what is -5 - -1c10bbb?
1c10bb6
In base 6, what is -515040 - 10?
-515050
In base 5, what is 4 + 243033233?
243033242
In base 15, what is -a0 + -22e93?
-23043
In base 3, what is 10221010001100 + -22221?
10221002201102
In base 5, what is -14233242 + -1?
-14233243
In base 9, what is 105814151 - 4?
105814146
In base 2, what is 1000000 - 100110100110010001?
-100110100101010001
In base 15, what is 1493a61 - 3?
1493a5d
In base 14, what is -1dd0 + -2c57?
-4c47
In base 7, what is 3 - 32330620?
-32330614
In base 15, what is 521bac1 + -11?
521bab0
In base 3, what is -10 - -210010101202202210?
210010101202202200
In base 3, what is 210201002200020 + -11?
210201002200002
In base 4, what is 111202120010 - -2?
111202120012
In base 9, what is -3 - -6422214?
6422211
In base 7, what is 6530466 + 5?
6530504
In base 14, what is 2 + 672b43?
672b45
In base 9, what is -256 - -87601?
87334
In base 4, what is -31100032 + 211212?
-30222220
In base 7, what is -2 + 654645?
654643
In base 12, what is -a9759a + 5?
-a97595
In base 6, what is -1231451 + 2151?
-1225300
In base 16, what is 5e9c - -614?
64b0
In base 6, what is -154 + -3430241?
-3430435
In base 3, what is 102000 + 211101122012?
211102001012
In base 7, what is -20000 + -560?
-20560
In base 13, what is 2c3a3 + -1036?
2b36a
In base 2, what is 0 + 1100011000010010000000?
1100011000010010000000
In base 2, what is -10 - -101011100010110011101111?
101011100010110011101101
In base 4, what is -22 + 222221020003?
222221013321
In base 5, what is 2344200 + -1030211?
1313434
In base 10, what is 5178 - -41744?
46922
In base 12, what is -92b - 1bb13?
-20842
In base 6, what is 11 - -22012544?
22012555
In base 8, what is -2371 - -10346?
5755
In base 15, what is -38 - 3191e?
-31957
In base 15, what is 1 - -dac2a?
dac2b
In base 7, what is 45 + -2102006?
-2101631
In base 3, what is 1110020200101121101 + -10?
1110020200101121021
In base 15, what is -41 - -9755?
9714
In base 3, what is -1101022 + 1012121212?
1011020120
In base 9, what is 24254 - 553?
23601
In base 12, what is a05 + 84b?
1654
In base 9, what is -1020 + -270653?
-271673
In base 10, what is 5 + -6180834?
-6180829
In base 13, what is 7c + 646902?
646981
In base 2, what is 11 + -11110010100100000110001?
-11110010100100000101110
In base 8, what is -10 - 4444435?
-4444445
In base 13, what is 7535b26 + 3?
7535b29
In base 7, what is 1105535443 - -5?
1105535451
In base 11, what is -279419 + -10?
-279429
In base 7, what is 66046 + -135224?
-36145
In base 15, what is 78 - -153d9c?
153e25
In base 2, what is 111111001111101111111110 - 100101?
111111001111101111011001
In base 7, what is 0 + -245451265?
-245451265
In base 11, what is 89984a7 - 2?
89984a5
In base 5, what is 123424 + -14303?
104121
In base 10, what is -15 + -220891?
-220906
In base 4, what is -3 + -3123220031?
-3123220100
In base 6, what is -11524000 - 1100?
-11525100
In base 12, what is -501 - 59b8?
-62b9
In base 16, what is 1 - e66a5d3?
-e66a5d2
In base 14, what is 1b2 - -8dd80?
90152
In base 16, what is 2856 + -4e?
2808
In base 3, what is 11010011212021021 - -2?
11010011212021100
In base 14, what is -1a055 + -22?
-1a077
In base 4, what is 2011020 + 2121?
2013201
In base 8, what is 72 - 5676600?
-5676506
In base 5, what is -122341430 + -4241?
-122401221
In base 6, what is 25415044 + 0?
25415044
In base 5, what is -3324113111 + -2?
-3324113113
In base 6, what is -154244442 + -4?
-154244450
In base 10, what is 18457810 + 5?
18457815
In base 9, what is 23 - 15030?
-15006
In base 8, what is 54 + 3742002?
3742056
In base 16, what is 86b05 + 11?
86b16
In base 16, what is -1 - ce9d3e?
-ce9d3f
In base 12, what is -a - 21b479b?
-21b47a9
In base 6, what is 344 + 2345454?
2350242
In base 2, what is 100 - -1101010011000000011001001?
1101010011000000011001101
In base 15, what is 1d69 - 350?
1a19
In base 15, what is -1ad2de - 5?
-1ad2e4
In base 3, what is 2020021001020 + 100220?
2020021102010
In base 11, what is -24371967 + 2?
-24371965
In base 13, what is 8b9c + 603?
94a2
In base 15, what is 4dac2c - 4?
4dac28
In base 16, what is -54acd + 45?
-54a88
In base 6, what is -454533131 - -1?
-454533130
In base 7, what is -513 - 230026?
-230542
In base 16, what is -39ea5 - 141?
-39fe6
In base 3, what is -1010222 + -2022022000212?
-2022100011211
In base 9, what is -54561 - 464?
-55135
In base 4, what is 230232300011 - -10?
230232300021
In base 5, what is 3 + -24111122230?
-24111122222
In base 14, what is 1010 + -a?
1004
In base 10, what is -124365 + -918?
-125283
In base 14, what is -25 + -da8044?
-da8069
In base 11, what is 3693 + -1553?
2140
In base 13, what is 6bcc844 - 1?
6bcc843
In base 15, what is -145 + -69016?
-6915b
In base 14, what is 21 - 3630d4?
-3630b3
In base 6, what is 10 + 1545144423?
1545144433
In base 3, what is 2101022 - -201201000?
211002022
In base 7, what is 2 + 3250663?
3250665
In base 9, what is -6012 - 20517?
-26530
In base 4, what is 32 - -1031330011?
1031330103
In base 4, what is -320 + 13121232?
13120312
In base 13, what is -5c401 + -1b6?
-5c5b7
In base 3, what is -20121120220021 - 11?
-20121120220102
In base 2, what is -11 - -10010010111110011101010?
10010010111110011100111
In base 8, what is 1040 + 150741?
152001
In base 11, what is 1418a5 + 1777?
143571
In base 16, what is -12bcd7 + 1?
-12bcd6
In base 4, what is 233 + -12011231110?
-12011230211
In base 7, what is -1211 + -6065362?
-6066603
In base 14, what is 542a - -311b?
8547
In base 7, what is 3 - -5435464622?
5435464625
In base 2, what is -10100000 + 11010111111011011?
11010111100111011
In base 10, what is -576685 + -81?
-576766
In base 3, what is 1022012220220201 + -12?
1022012220220112
In base 13, what is -379b437 - -52?
-379b3b5
In base 8, what is 2316135414 + -1?
2316135413
In base 6, what is 54 + -14525005?
-14524511
In base 5, what is -3303313124 - -12?
-3303313112
In base 4, what is -230121100330 + 10?
-230121100320
In base 7, what is -10016656 + -33?
-10020022
In base 15, what is -78d + b8c?
3ee
In base 4, what is 3 - -12210333022?
12210333031
In base 4, what is 111003100120223 - -10?
111003100120233
In base 14, what is 12412dd5 + 2?
12412dd7
In base 6, what is 0 - 15110314?
-15110314
In base 15, what is 2 + -1869156?
-1869154
In base 14, what is -5 - -52230b0?
52230a9
In base 10, what is -7716 - 162?
-7878
In base 11, what is -2609524 + 54?
-2609480
In base 9, what is -10 + -1580637?
-1580647
In base 2, what is -10 - -1100111110100111110010111?
1100111110100111110010101
In base 5, what is -131 - -303224131?
303224000
In base 10, what is 2 + 4449477?
4449479
In base 2, what is 100010010111101011101 - -1100?
100010010111101101001
In base 12, what is -11 - 74433b3?
-7443404
In base 14, what is -a + -6b10c27?
-6b10c33
In base 16, what is 3 - -1818944?
1818947
In base 7, what is -42152502 + -6?
-42152511
In base 10, what is -461177 - 627?
-461804
In base 7, what is 1 + 115404356?
115404360
In base 5, what is 2 - 224102044200?
-224102044143
In base 6, what is -